{"id":124,"date":"2025-01-08T20:48:24","date_gmt":"2025-01-08T20:48:24","guid":{"rendered":"https:\/\/tatjanashaarstud-p8r54vxqoj.live-website.com\/?page_id=124"},"modified":"2025-01-08T23:34:36","modified_gmt":"2025-01-08T23:34:36","slug":"impressum","status":"publish","type":"page","link":"https:\/\/tatjanas-haarstudio.de\/?page_id=124","title":{"rendered":"Impressum"},"content":{"rendered":"\n<p class=\"has-medium-font-size\"><strong>Angaben gem\u00e4\u00df \u00a7 5 TMG<\/strong>\u00a0<\/p>\n\n\n\n<p>Tatjana Spomer Friseursalon\u00a0<br>Petrusstra\u00dfe 18<br>54292 Trier\u00a0<br><br>+ 49 176 9688 7698\u00a0<\/p>\n\n\n\n<p class=\"has-medium-font-size\"><strong>Berufsbezeichnung und berufsrechtliche Regelungen<\/strong><\/p>\n\n\n\n<p class=\"has-small-font-size\">Berufsbezeichnung: Friseurmeisterin<br>Zust\u00e4ndige Kammer:\u00a0Handwerkskammer Trier, Loebstra\u00dfe 18, 54292 Trier https:\/\/www.hwk-trier.de\/\u00a0<br>Verliehen in: Deutschland\u00a0<\/p>\n\n\n\n<p class=\"has-medium-font-size\"><strong>Verbraucherstreitbeilegung \/ Universalschlichtungsstelle<\/strong>\u00a0<\/p>\n\n\n\n<p class=\"has-small-font-size\">Wir sind nicht bereit oder verpflichtet, an Streitbeilegungsverfahren vor einer Verbraucherschlichtungsstelle teilzunehmen.<\/p>\n\n\n\n<p><strong>Haftung f\u00fcr Verlinkungen<\/strong><\/p>\n\n\n\n<p class=\"has-small-font-size\">Diese Webseite enth\u00e4lt Verlinkungen zu externen Webseiten Dritter, deren Inhalte wir nicht beeinflussen k\u00f6nnen. Eine Gew\u00e4hr f\u00fcr die Richtigkeit, Vollst\u00e4ndigkeit und Aktualit\u00e4t dieser fremden Inhalte k\u00f6nnen wir nicht \u00fcbernehmen. Verantwortlich f\u00fcr den Inhalt der verlinkten Seiten ist stets der jeweilige Anbieter oder Betreiber.<\/p>\n\n\n\n<p class=\"has-small-font-size\">Die verlinkten Seiten wurden zum Zeitpunkt der Verkn\u00fcpfung auf m\u00f6gliche Rechtsverst\u00f6\u00dfe \u00fcberpr\u00fcft, und zu diesem Zeitpunkt waren keine rechtswidrigen Inhalte erkennbar. Eine permanente inhaltliche Kontrolle der verlinkten Seiten ist jedoch ohne konkrete Anhaltspunkte einer Rechtsverletzung nicht zumutbar. Bei Kenntnis von Rechtsverletzungen werden wir die entsprechenden Links unverz\u00fcglich entfernen.<\/p>\n\n\n\n<p class=\"has-medium-font-size\"><strong>Haftungsausschluss<\/strong><\/p>\n\n\n\n<p class=\"has-small-font-size\">Trotz sorgf\u00e4ltiger inhaltlicher Kontrolle \u00fcbernehmen wir keine Haftung f\u00fcr die Inhalte externer Links. F\u00fcr den Inhalt der verlinkten Seiten sind ausschlie\u00dflich die Betreiber verantwortlich.<\/p>\n\n\n\n<p class=\"has-medium-font-size\"><strong>Haftung f\u00fcr eigene Inhalte<\/strong><\/p>\n\n\n\n<p class=\"has-small-font-size\">Die Inhalte dieser Seiten wurden mit gr\u00f6\u00dfter Sorgfalt erstellt. F\u00fcr Richtigkeit, Vollst\u00e4ndigkeit und Aktualit\u00e4t der Inhalte k\u00f6nnen wir jedoch keine Gew\u00e4hr \u00fcbernehmen. Wir sind verantwortlich f\u00fcr eigene Inhalte, jedoch nicht verpflichtet, \u00fcbermittelte oder gespeicherte fremde Informationen zu \u00fcberwachen oder nach Umst\u00e4nden zu forschen, die auf eine rechtswidrige T\u00e4tigkeit hinweisen.<\/p>\n\n\n\n<p class=\"has-small-font-size\">Verpflichtungen zur Entfernung oder Sperrung der Nutzung von Informationen nach den allgemeinen Gesetzen bleiben hiervon unber\u00fchrt. Eine Haftung ist erst ab dem Zeitpunkt der Kenntnis einer konkreten Rechtsverletzung m\u00f6glich. Bei Bekanntwerden entsprechender Rechtsverletzungen werden wir die betreffenden Inhalte umgehend entfernen.<\/p>\n\n\n\n<p class=\"has-medium-font-size\"><strong>Urheberrecht<\/strong><\/p>\n\n\n\n<p class=\"has-small-font-size\">Die durch uns erstellten Inhalte und Werke auf diesen Seiten unterliegen dem deutschen Urheberrecht. Die Vervielf\u00e4ltigung, Bearbeitung, Verbreitung und jede Art der Verwertung au\u00dferhalb der Grenzen des Urheberrechts bed\u00fcrfen unserer schriftlichen Zustimmung. Beitr\u00e4ge Dritter sind als solche gekennzeichnet. Wir sind bestrebt, stets die Urheberrechte anderer zu beachten und auf lizenzfreie Werke zur\u00fcckzugreifen.<\/p>\n","protected":false},"excerpt":{"rendered":"<p>Angaben gem\u00e4\u00df \u00a7 5 TMG\u00a0 Tatjana Spomer Friseursalon\u00a0Petrusstra\u00dfe 1854292 Trier\u00a0 + 49 176 9688 7698\u00a0 Berufsbezeichnung und berufsrechtliche Regelungen Berufsbezeichnung: FriseurmeisterinZust\u00e4ndige Kammer:\u00a0Handwerkskammer Trier, Loebstra\u00dfe 18, 54292 Trier https:\/\/www.hwk-trier.de\/\u00a0Verliehen in: Deutschland\u00a0 Verbraucherstreitbeilegung \/ Universalschlichtungsstelle\u00a0 Wir sind nicht bereit oder verpflichtet, an Streitbeilegungsverfahren vor einer Verbraucherschlichtungsstelle teilzunehmen. Haftung f\u00fcr Verlinkungen Diese Webseite enth\u00e4lt Verlinkungen zu externen Webseiten [&hellip;]<\/p>\n","protected":false},"author":1,"featured_media":0,"parent":0,"menu_order":0,"comment_status":"closed","ping_status":"closed","template":"","meta":{"footnotes":""},"class_list":["post-124","page","type-page","status-publish","hentry"],"aioseo_notices":[],"_links":{"self":[{"href":"https:\/\/tatjanas-haarstudio.de\/index.php?rest_route=\/wp\/v2\/pages\/124","targetHints":{"allow":["GET"]}}],"collection":[{"href":"https:\/\/tatjanas-haarstudio.de\/index.php?rest_route=\/wp\/v2\/pages"}],"about":[{"href":"https:\/\/tatjanas-haarstudio.de\/index.php?rest_route=\/wp\/v2\/types\/page"}],"author":[{"embeddable":true,"href":"https:\/\/tatjanas-haarstudio.de\/index.php?rest_route=\/wp\/v2\/users\/1"}],"replies":[{"embeddable":true,"href":"https:\/\/tatjanas-haarstudio.de\/index.php?rest_route=%2Fwp%2Fv2%2Fcomments&post=124"}],"version-history":[{"count":2,"href":"https:\/\/tatjanas-haarstudio.de\/index.php?rest_route=\/wp\/v2\/pages\/124\/revisions"}],"predecessor-version":[{"id":191,"href":"https:\/\/tatjanas-haarstudio.de\/index.php?rest_route=\/wp\/v2\/pages\/124\/revisions\/191"}],"wp:attachment":[{"href":"https:\/\/tatjanas-haarstudio.de\/index.php?rest_route=%2Fwp%2Fv2%2Fmedia&parent=124"}],"curies":[{"name":"wp","href":"https:\/\/api.w.org\/{rel}","templated":true}]}}